{"id":10463,"date":"2026-09-04T19:17:25","date_gmt":"2026-09-04T22:17:25","guid":{"rendered":"https:\/\/comunidadeemacao.com.br\/site\/ssp-podcast-archive\/"},"modified":"2026-09-04T19:17:25","modified_gmt":"2026-09-04T22:17:25","slug":"ssp-podcast-archive","status":"publish","type":"page","link":"https:\/\/comunidadeemacao.com.br\/site\/ssp-podcast-archive\/","title":{"rendered":"Lista de Epis\u00f3dios"},"content":{"rendered":"\n\t\t<style>\n\t\t.ssp-el-1 {\n\t\t\t--ssp-episode-list-title-size: 24px;\n\t\t\t--ssp-episode-list-cols: 1;\n\t\t\t\t\t\t\t\t\t\t\t\t\t\t\t\t\t\t\t\t\t\t\t\t\t\t}\n\t<\/style>\n\t<div class=\"ssp-podcast-list ssp-el-1\">\n\t\t<div class=\"ssp-podcast-list__articles\">\n\t\t\t\t\t<article class=\"podcast-1048 podcast type-podcast\">\n\t\t\t\t\t\t\t\t<h2 class=\"ssp-episode-title\">\n\t\t\t\t\t<a class=\"entry-title-link\" rel=\"bookmark\" href=\"https:\/\/comunidadeemacao.com.br\/site\/populacao-aguarda-pelo-semaforo\/\">\n\t\t\t\t\t\tPOPULA\u00c7\u00c3O AGUARDA PELO SEM\u00c1FORO\t\t\t\t\t<\/a>\n\t\t\t\t<\/h2>\n\t\t\t\t\t\t\t\t<div class=\"podcast-content\">\n\t\t\t\t\t\t\t\t\t\t\t\t\t\t\t\t\t\t\t\t\t\t\t\t\t\t<p class=\"ssp-episode-list-content\">O cruzamento perigoso com acidentes constantes assusta os moradores\n\nA rotat\u00f3ria da Rua Dr. Benedito Xavier esquina com Avenida Waldomiro Lobo tornou-se um dos cruzamentos perigosos na Regi\u00e3o Norte da Capital. No per\u00edodo de 01 de setembro e 11 de dezembro (2019), 11 acidentes foram registrados pela Pol\u00edcia Militar sendo que dois foram com v\u00edtimas. A popula\u00e7\u00e3o e comerciantes em torno alegam que s\u00e3o mais, \u201ctem dia que acontece at\u00e9 tr\u00eas acidentes neste local\u201d diz um comerciante. Em 2016 a Prefeitura em 2016 prometeu de instalar o sem\u00e1foro, \u201cmas foi s\u00f3 promessa de pol\u00edtico\u201d diz outro morador. <\/p>\n\t\t\t\t\t\t\t\t\t\t\t\t\t\t<\/div>\n\t\t\t<\/article>\n\t\t\t\t\t\t\t<\/div>\n\t\t\t<\/div>\n\n","protected":false},"excerpt":{"rendered":"excerpt","protected":false},"author":1,"featured_media":0,"parent":0,"menu_order":0,"comment_status":"closed","ping_status":"closed","template":"","meta":{"episode_type":"","audio_file":"","podmotor_file_id":"","podmotor_episode_id":"","cover_image":"","cover_image_id":"","duration":"","filesize":"","filesize_raw":"","date_recorded":"","explicit":"","block":"","footnotes":""},"class_list":["post-10463","page","type-page","status-publish","hentry"],"jetpack_sharing_enabled":true,"jetpack_likes_enabled":true,"jetpack-related-posts":[{"id":3317,"url":"https:\/\/comunidadeemacao.com.br\/site\/3317-2\/","url_meta":{"origin":10463,"position":0},"title":"Post Sem T\u00ectulo","author":"Marcos Silva","date":"1 de mar\u00e7o de 2023","format":false,"excerpt":"","rel":"","context":"Post similar","block_context":{"text":"Post similar","link":""},"img":{"alt_text":"","src":"","width":0,"height":0},"classes":[]},{"id":423,"url":"https:\/\/comunidadeemacao.com.br\/site\/noticias-2\/","url_meta":{"origin":10463,"position":1},"title":"Not\u00edcias","author":"Marcos Silva","date":"3 de dezembro de 2019","format":false,"excerpt":"quinta-feira, 16 janeiro, 2020 ENTERTAINMENT \",\"nextArrow\":\"\",\"autoplay\":true,\"autoplaySpeed\":5000}' dir=\"ltr\" data-typing=\"1\"> NOTAS DE UM REP\u00d3RTER Pr\u00e1tica Sustent\u00e1vel Aquecimento e energia solar oferece mais economia Torneio Coruj\u00e3o Vasco \u00e9 o campe\u00e3o Adote um Complexo Esportivo, Quadra e Campo de Futebol \",\"nextArrow\":\"\",\"autoplay\":false,\"autoplaySpeed\":5000,\"rtl\":false}' dir=\"ltr\"> Not\u00edcias jornalca6 de dezembro de 2019 NOTAS DE UM REP\u00d3RTER Eleitos os\u2026","rel":"","context":"Post similar","block_context":{"text":"Post similar","link":""},"img":{"alt_text":"Pr\u00e1tica Sustent\u00e1vel Aquecimento e energia solar oferece mais economia","src":"https:\/\/i0.wp.com\/comunidadeemacao.com.br\/site\/wp-content\/uploads\/2019\/11\/Foto-HM-foto-01.jpg?resize=350%2C200","width":350,"height":200,"srcset":"https:\/\/i0.wp.com\/comunidadeemacao.com.br\/site\/wp-content\/uploads\/2019\/11\/Foto-HM-foto-01.jpg?resize=350%2C200 1x, https:\/\/i0.wp.com\/comunidadeemacao.com.br\/site\/wp-content\/uploads\/2019\/11\/Foto-HM-foto-01.jpg?resize=525%2C300 1.5x, https:\/\/i0.wp.com\/comunidadeemacao.com.br\/site\/wp-content\/uploads\/2019\/11\/Foto-HM-foto-01.jpg?resize=700%2C400 2x"},"classes":[]},{"id":966,"url":"https:\/\/comunidadeemacao.com.br\/site\/seja-bem-vindo\/","url_meta":{"origin":10463,"position":2},"title":"Seja Bem Vindo","author":"Marcos Silva","date":"22 de fevereiro de 2020","format":false,"excerpt":"SEJA BEM VINDO \u2013 Contatos Para falar com o COMUNIDADE EM A\u00c7\u00c3O, envie cr\u00edticas e sugest\u00f5es ou tire d\u00favidas, preencha o formul\u00e1rio abaixo. Teremos o maior prazer em conectar com voc\u00ea. Sua opini\u00e3o \u00e9 muito importante para n\u00f3s. Se preferir, ligue: Tels: *(31) 4109-2036 | (31) 3435-2036 | (31) 99626-6253\u2026","rel":"","context":"Post similar","block_context":{"text":"Post similar","link":""},"img":{"alt_text":"","src":"https:\/\/i0.wp.com\/comunidadeemacao.com.br\/site\/wp-content\/uploads\/2019\/11\/536487-PJIQOJ-973.jpg?resize=350%2C200&ssl=1","width":350,"height":200,"srcset":"https:\/\/i0.wp.com\/comunidadeemacao.com.br\/site\/wp-content\/uploads\/2019\/11\/536487-PJIQOJ-973.jpg?resize=350%2C200&ssl=1 1x, https:\/\/i0.wp.com\/comunidadeemacao.com.br\/site\/wp-content\/uploads\/2019\/11\/536487-PJIQOJ-973.jpg?resize=525%2C300&ssl=1 1.5x, https:\/\/i0.wp.com\/comunidadeemacao.com.br\/site\/wp-content\/uploads\/2019\/11\/536487-PJIQOJ-973.jpg?resize=700%2C400&ssl=1 2x, https:\/\/i0.wp.com\/comunidadeemacao.com.br\/site\/wp-content\/uploads\/2019\/11\/536487-PJIQOJ-973.jpg?resize=1050%2C600&ssl=1 3x, https:\/\/i0.wp.com\/comunidadeemacao.com.br\/site\/wp-content\/uploads\/2019\/11\/536487-PJIQOJ-973.jpg?resize=1400%2C800&ssl=1 4x"},"classes":[]},{"id":958,"url":"https:\/\/comunidadeemacao.com.br\/site\/politica-de-privacidade\/","url_meta":{"origin":10463,"position":3},"title":"Pol\u00edtica de Privacidade","author":"Marcos Silva","date":"22 de fevereiro de 2020","format":false,"excerpt":"POL\u00cdTICA DE SEGURAN\u00c7A E PRIVACIDADE DO PORTAL DO JORNAL COMUNIDADE EM A\u00c7\u00c3O O Jornal e portal COMUNIDADE EM A\u00c7\u00c3O sabe o quanto \u00e9 importante para voc\u00ea conhecer e estar seguro sobre a utiliza\u00e7\u00e3o dos seus dados pessoais. Por isso, nos preocupamos em esclarecer e divulgar nossa pol\u00edtica de utiliza\u00e7\u00e3o dessas\u2026","rel":"","context":"Post similar","block_context":{"text":"Post similar","link":""},"img":{"alt_text":"","src":"","width":0,"height":0},"classes":[]}],"_links":{"self":[{"href":"https:\/\/comunidadeemacao.com.br\/site\/wp-json\/wp\/v2\/pages\/10463","targetHints":{"allow":["GET"]}}],"collection":[{"href":"https:\/\/comunidadeemacao.com.br\/site\/wp-json\/wp\/v2\/pages"}],"about":[{"href":"https:\/\/comunidadeemacao.com.br\/site\/wp-json\/wp\/v2\/types\/page"}],"author":[{"embeddable":true,"href":"https:\/\/comunidadeemacao.com.br\/site\/wp-json\/wp\/v2\/users\/1"}],"replies":[{"embeddable":true,"href":"https:\/\/comunidadeemacao.com.br\/site\/wp-json\/wp\/v2\/comments?post=10463"}],"version-history":[{"count":0,"href":"https:\/\/comunidadeemacao.com.br\/site\/wp-json\/wp\/v2\/pages\/10463\/revisions"}],"wp:attachment":[{"href":"https:\/\/comunidadeemacao.com.br\/site\/wp-json\/wp\/v2\/media?parent=10463"}],"curies":[{"name":"wp","href":"https:\/\/api.w.org\/{rel}","templated":true}]}}

Lista de Episódios

<style>
		.ssp-el-1 {
			--ssp-episode-list-title-size: 24px;
			--ssp-episode-list-cols: 1;
																										}
	</style>
	<div class="ssp-podcast-list ssp-el-1">
		<div class="ssp-podcast-list__articles">
					<article class="podcast-1048 podcast type-podcast">
								<h2 class="ssp-episode-title">
					<a class="entry-title-link" rel="bookmark" href="https://comunidadeemacao.com.br/site/populacao-aguarda-pelo-semaforo/">
						POPULAÇÃO AGUARDA PELO SEMÁFORO					</a>
				</h2>
								<div class="podcast-content">
																										<p class="ssp-episode-list-content">O cruzamento perigoso com acidentes constantes assusta os moradores

A rotatória da Rua Dr. Benedito Xavier esquina com Avenida Waldomiro Lobo tornou-se um dos cruzamentos perigosos na Região Norte da Capital. No período de 01 de setembro e 11 de dezembro (2019), 11 acidentes foram registrados pela Polícia Militar sendo que dois foram com vítimas. A população e comerciantes em torno alegam que são mais, “tem dia que acontece até três acidentes neste local” diz um comerciante. Em 2016 a Prefeitura em 2016 prometeu de instalar o semáforo, “mas foi só promessa de político” diz outro morador. </p>
														</div>
			</article>
							</div>
			</div>

Post Sem Tìtulo

1 de março de 2023

Notícias

quinta-feira, 16 janeiro, 2020 ENTERTAINMENT ","nextArrow":"","autoplay":true,"autoplaySpeed":5000}' dir="ltr" data-typing="1"> NOTAS DE UM REPÓRTER Prática Sustentável Aquecimento e energia solar oferece mais economia Torneio Corujão Vasco é o campeão Adote um Complexo Esportivo, Quadra e Campo de Futebol ","nextArrow":"","autoplay":false,"autoplaySpeed":5000,"rtl":false}' dir="ltr"> Notícias jornalca6 de dezembro de 2019 NOTAS DE UM REPÓRTER Eleitos os…

Prática Sustentável Aquecimento e energia solar oferece mais economia

SEJA BEM VINDO – Contatos Para falar com o COMUNIDADE EM AÇÃO, envie críticas e sugestões ou tire dúvidas, preencha o formulário abaixo. Teremos o maior prazer em conectar com você. Sua opinião é muito importante para nós. Se preferir, ligue: Tels: *(31) 4109-2036 | (31) 3435-2036 | (31) 99626-6253…

Política de Privacidade

POLÍTICA DE SEGURANÇA E PRIVACIDADE DO PORTAL DO JORNAL COMUNIDADE EM AÇÃO O Jornal e portal COMUNIDADE EM AÇÃO sabe o quanto é importante para você conhecer e estar seguro sobre a utilização dos seus dados pessoais. Por isso, nos preocupamos em esclarecer e divulgar nossa política de utilização dessas…
